{"id":60,"date":"2019-08-21T01:15:03","date_gmt":"2019-08-20T22:15:03","guid":{"rendered":"http:\/\/talhabarut.com\/?page_id=60"},"modified":"2019-09-14T01:37:03","modified_gmt":"2019-09-13T22:37:03","slug":"1-ocak-2017-tarihine-dikkat","status":"publish","type":"page","link":"https:\/\/talhabarut.com\/index.php\/1-ocak-2017-tarihine-dikkat\/","title":{"rendered":"Bu tarihe dikkat"},"content":{"rendered":"\n<div class=\"wp-block-columns has-2-columns is-layout-flex wp-container-core-columns-is-layout-9d6595d7 wp-block-columns-is-layout-flex\">\n<div class=\"wp-block-column is-layout-flow wp-block-column-is-layout-flow\">\n<p> Yeni y\u0131l yakla\u015f\u0131rken yurtd\u0131\u015f\u0131ndan bor\u00e7lanarak emeklilikle ilgili yeni de\u011fi\u015fiklikler de g\u00fcndeme geldi. Asgari \u00fccrete ba\u011fl\u0131 olarak primlere de zam gelece\u011fini&nbsp; ifade eden Avukat Talha Barut, <strong>1 Ocak 2017<\/strong> tarihinden \u00f6nce ba\u015fvuru yap\u0131lmas\u0131 halinde vatanda\u015flar\u0131n bu zamlardan etkilenmeyece\u011fini ifade etti.<br>Barut, konuyla ilgili \u015funlar\u0131 s\u00f6yledi:<br>\u201c01.01.2017 tarihinde emeklilik i\u00e7in yat\u0131r\u0131lan yurtd\u0131\u015f\u0131 bor\u00e7lanma primlerine zam gelecektir. Bu zam miktar\u0131 \u015fu an i\u00e7in tam belli de\u011fil ancak ge\u00e7en y\u0131l gelen zam miktarlar\u0131n\u0131 \u00f6rnek g\u00f6sterirsek vatanda\u015flar\u0131m\u0131z\u0131n kafas\u0131nda bir tahmin olu\u015fabilir. Ger\u00e7i 01.01.2016\u2032 da gelen zamlarda ge\u00e7en y\u0131l yap\u0131lan iki genel se\u00e7imin rol\u00fc b\u00fcy\u00fck olmu\u015ftu. Bu y\u0131l da d\u00f6viz kurlar\u0131ndaki a\u015f\u0131r\u0131 dengesizli\u011fin prim zamlar\u0131n\u0131&nbsp; olumsuz \u015fekilde etkileyece\u011fi kanaatindeyim. Ancak ge\u00e7en y\u0131l gelen zamdan daha y\u00fcksek bir zam beklemiyorum. Ge\u00e7en y\u0131l en az g\u00fcn say\u0131s\u0131ndan prim \u00f6deyen ki\u015finin \u00f6deyece\u011fi tutar 01.01.2016\u2019da 48.902 TL\u2019 den 63.245 TL\u2019 ye y\u00fckselmi\u015ftir.5975 g\u00fcnden emekli olacak bir ki\u015finin prim borcu ise 81.164 TL\u2019den 104.968 TL\u2019 ye y\u00fckselmi\u015ftir. G\u00f6r\u00fcld\u00fc\u011f\u00fc \u00fczere 01.01.2016\u2019da %30 civar\u0131nda zam gelmi\u015ftir. \u015eu anda Ocak ay\u0131nda ge\u00e7erli olan miktar hala ayn\u0131 seviyededir. Bu sene ilk defa 01.07.2016\u2019da zam gelmedi. Bundan dolay\u0131 01.01.2017\u2032 de temmuz zamm\u0131n\u0131 da i\u00e7eren bir zam gelebilir. Zam gelece\u011fi kesin olmakla birlikte ne kadar zam gelece\u011fi \u015fuan belirsiz.\u2019<br>\u00d6deme s\u00fcreleri hakk\u0131nda da bilgi veren Av. Talha Barut \u015funlar\u0131 kaydetti:<br>\u2018 \u0130nsanlarda paran\u0131n ne zaman \u00f6denmesi gerekti\u011fi konusunda yanl\u0131\u015f bir alg\u0131 var. M\u00fcracaat an\u0131nda \u00f6denecek tutar TL baz\u0131nda sabitlenmektedir. Fakat \u00f6demeler daha sonraki bir s\u00fcre\u00e7te yap\u0131labilmektedir.<\/p>\n<\/div>\n\n\n\n<div class=\"wp-block-column is-layout-flow wp-block-column-is-layout-flow\">\n<figure class=\"wp-block-image\"><img loading=\"lazy\" decoding=\"async\" width=\"700\" height=\"572\" src=\"https:\/\/talhabarut.com\/wp-content\/uploads\/2019\/08\/sayfa_1ocak2017.jpg\" alt=\"\" class=\"wp-image-480\" srcset=\"https:\/\/talhabarut.com\/wp-content\/uploads\/2019\/08\/sayfa_1ocak2017.jpg 700w, https:\/\/talhabarut.com\/wp-content\/uploads\/2019\/08\/sayfa_1ocak2017-300x245.jpg 300w\" sizes=\"auto, (max-width: 700px) 100vw, 700px\" \/><\/figure>\n<\/div>\n<\/div>\n\n\n\n<p>\n\nBiz baz\u0131 dosyalarda \u00f6deme s\u00fcresini bir y\u0131l erteleyebiliyoruz. Bu durumda hem TL baz\u0131nda \u00f6denecek tutar sabit kal\u0131yor hem de paran\u0131n toparlanmas\u0131 i\u00e7in gerekli zaman bulunabiliyor. \u0130\u015flemler bittikten sonra borcun tamam\u0131n\u0131 \u00f6deme zorunlulu\u011fu bulunmuyor. K\u0131smi \u00f6deme yaparak da vatanda\u015flar\u0131n baz\u0131 kazan\u0131lm\u0131\u015f haklar elde etmesi m\u00fcmk\u00fcnd\u00fcr. Emekli ayl\u0131\u011f\u0131n\u0131 ba\u011flatana kadar \u00f6demeden vazge\u00e7me \u00f6denmi\u015f paray\u0131 geri \u00e7ekme hakk\u0131 mevcut. Vefat durumunda miras\u00e7\u0131lar ister kendilerini dul ya da yetim ayl\u0131\u011f\u0131na ba\u011flayabilir isterse de yat\u0131r\u0131lan paray\u0131 nakit olarak \u00e7ekebilir. Yani emeklilik i\u00e7in SGK\u2019ya \u00f6denen para kasada bekletti\u011finiz para gibi tasarrufa ve kullan\u0131ma a\u00e7\u0131kt\u0131r. Bug\u00fcn 63.245 TL \u00f6deyen biri ya\u015f\u0131 ve di\u011fer \u015fartlar\u0131 da m\u00fcsaitse 1500-1600 TL civar\u0131nda maa\u015f alabilmektedir. Maa\u015f ba\u015flad\u0131ktan sonra senede iki kez zam da gelmektedir. Bu da yakla\u015f\u0131k 3-3,5 y\u0131lda yat\u0131r\u0131lan paran\u0131n maa\u015f olarak geri al\u0131nabilmesi anlam\u0131na gelmektedir. Almanya\u2019da dahi ge\u00e7erli bir sa\u011fl\u0131k g\u00fcvencesinin de var oldu\u011funu d\u00fc\u015f\u00fcnd\u00fc\u011f\u00fcm\u00fczde sistemin ne kadar cazip oldu\u011fu ortadad\u0131r. Yasalar de\u011fi\u015fmeden, ge\u00e7mi\u015f d\u00f6nemleri bor\u00e7lanabilme hakk\u0131 kald\u0131r\u0131lmadan kazan\u0131lm\u0131\u015f hak elde etmek en mant\u0131kl\u0131 yol olacakt\u0131r.\u2019 \n\n<\/p>\n\n\n\n<p>M\u00fcracaatlar\u0131n 31.12.2016 tarihi mesai bitimine kadar yap\u0131labilece\u011fini vurgulayan Barut, bunun i\u00e7in T\u00fcrkiye\u2019ye gidilmesine gerek olmad\u0131\u011f\u0131n\u0131 vurgulad\u0131. Daha ayr\u0131nt\u0131l\u0131 bilgi almak isteyenler \u00c7ar\u015famba g\u00fcnleri 16:00-18:00 aras\u0131 a\u00e7\u0131k kap\u0131 g\u00fcn\u00fcnde \u00fccretsiz bilgi alabilirler. Bilgi hatt\u0131: 040 636 93 310<br>Nebahar Uzun, Hamburg (8 Aral\u0131k 2016)<\/p>\n\n\n<div id=\"pl-gb60-69de9f4c0af78\"  class=\"panel-layout\" ><div id=\"pg-gb60-69de9f4c0af78-0\"  class=\"panel-grid panel-no-style\" ><div id=\"pgc-gb60-69de9f4c0af78-0-0\"  class=\"panel-grid-cell\" ><div id=\"panel-gb60-69de9f4c0af78-0-0-0\" class=\"so-panel widget widget_sow-social-media-buttons panel-first-child panel-last-child\" data-index=\"0\" ><div\n\t\t\t\n\t\t\tclass=\"so-widget-sow-social-media-buttons so-widget-sow-social-media-buttons-atom-71b0db8af3ff-60\"\n\t\t\t\n\t\t>\n<h3 class=\"widget-title\">Sosyal Medya Hesaplar\u0131m\u0131z<\/h3>\n<div class=\"social-media-button-container\">\n\t\n\t\t<a \n\t\tclass=\"ow-button-hover sow-social-media-button-facebook-0 sow-social-media-button\" title=\"Facebook\" aria-label=\"Facebook\" target=\"_blank\" rel=\"noopener noreferrer\" href=\"https:\/\/www.facebook.com\/talha.barut.1\" \t\t>\n\t\t\t<span>\n\t\t\t\t\t\t\t\t<span class=\"sow-icon-fontawesome sow-fab\" data-sow-icon=\"&#xf39e;\"\n\t\t \n\t\taria-hidden=\"true\"><\/span>\t\t\t\t\t\t\t<\/span>\n\t\t<\/a>\n\t\n\t\t<a \n\t\tclass=\"ow-button-hover sow-social-media-button-x-twitter-0 sow-social-media-button\" title=\"Twitter\" aria-label=\"Twitter\" target=\"_blank\" rel=\"noopener noreferrer\" href=\"https:\/\/twitter.com\/Avukatbarut\" \t\t>\n\t\t\t<span>\n\t\t\t\t\t\t\t\t<span class=\"sow-icon-fontawesome sow-fab\" data-sow-icon=\"&#xe61b;\"\n\t\t \n\t\taria-hidden=\"true\"><\/span>\t\t\t\t\t\t\t<\/span>\n\t\t<\/a>\n\t\n\t\t<a \n\t\tclass=\"ow-button-hover sow-social-media-button-youtube-0 sow-social-media-button\" title=\"Youtube\" aria-label=\"Youtube\" target=\"_blank\" rel=\"noopener noreferrer\" href=\"https:\/\/www.youtube.com\/channel\/UCVcgSdThK-EFQQcnOuM9o5g\/videos\" \t\t>\n\t\t\t<span>\n\t\t\t\t\t\t\t\t<span class=\"sow-icon-fontawesome sow-fab\" data-sow-icon=\"&#xf167;\"\n\t\t \n\t\taria-hidden=\"true\"><\/span>\t\t\t\t\t\t\t<\/span>\n\t\t<\/a>\n\t\n\t\t<a \n\t\tclass=\"ow-button-hover sow-social-media-button-envelope-0 sow-social-media-button\" title=\"Email\" aria-label=\"Email\" target=\"_blank\" rel=\"noopener noreferrer\" href=\"mailto:%20av.talhabarut@googlemail.com\" \t\t>\n\t\t\t<span>\n\t\t\t\t\t\t\t\t<span class=\"sow-icon-fontawesome sow-fas\" data-sow-icon=\"&#xf0e0;\"\n\t\t \n\t\taria-hidden=\"true\"><\/span>\t\t\t\t\t\t\t<\/span>\n\t\t<\/a>\n\t<\/div>\n<\/div><\/div><\/div><\/div><\/div>","protected":false},"excerpt":{"rendered":"<p>Yeni y\u0131l yakla\u015f\u0131rken yurtd\u0131\u015f\u0131ndan bor\u00e7lanarak emeklilikle ilgili yeni de\u011fi\u015fiklikler de g\u00fcndeme geldi. Asgari \u00fccrete ba\u011fl\u0131 olarak primlere de zam gelece\u011fini&nbsp; ifade eden Avukat Talha Barut, 1 Ocak 2017 tarihinden \u00f6nce ba\u015fvuru yap\u0131lmas\u0131 halinde vatanda\u015flar\u0131n bu zamlardan etkilenmeyece\u011fini ifade etti.Barut, konuyla ilgili \u015funlar\u0131 s\u00f6yledi:\u201c01.01.2017 tarihinde emeklilik i\u00e7in yat\u0131r\u0131lan yurtd\u0131\u015f\u0131 bor\u00e7lanma primlerine zam gelecektir. Bu zam miktar\u0131&hellip;<\/p>\n<p class=\"more-link\"><a href=\"https:\/\/talhabarut.com\/index.php\/1-ocak-2017-tarihine-dikkat\/\" class=\"themebutton2\">Read More<\/a><\/p>\n","protected":false},"author":1,"featured_media":0,"parent":0,"menu_order":0,"comment_status":"closed","ping_status":"closed","template":"","meta":{"_exactmetrics_skip_tracking":false,"_exactmetrics_sitenote_active":false,"_exactmetrics_sitenote_note":"","_exactmetrics_sitenote_category":0,"footnotes":""},"class_list":["post-60","page","type-page","status-publish","hentry"],"yoast_head":"<!-- This site is optimized with the Yoast SEO plugin v24.9 - https:\/\/yoast.com\/wordpress\/plugins\/seo\/ -->\n<title>Bu tarihe dikkat - Talha Barut<\/title>\n<meta name=\"robots\" content=\"index, follow, max-snippet:-1, max-image-preview:large, max-video-preview:-1\" \/>\n<link rel=\"canonical\" href=\"https:\/\/talhabarut.com\/index.php\/1-ocak-2017-tarihine-dikkat\/\" \/>\n<meta property=\"og:locale\" content=\"tr_TR\" \/>\n<meta property=\"og:type\" content=\"article\" \/>\n<meta property=\"og:title\" content=\"Bu tarihe dikkat - Talha Barut\" \/>\n<meta property=\"og:description\" content=\"Yeni y\u0131l yakla\u015f\u0131rken yurtd\u0131\u015f\u0131ndan bor\u00e7lanarak emeklilikle ilgili yeni de\u011fi\u015fiklikler de g\u00fcndeme geldi. Asgari \u00fccrete ba\u011fl\u0131 olarak primlere de zam gelece\u011fini&nbsp; ifade eden Avukat Talha Barut, 1 Ocak 2017 tarihinden \u00f6nce ba\u015fvuru yap\u0131lmas\u0131 halinde vatanda\u015flar\u0131n bu zamlardan etkilenmeyece\u011fini ifade etti.Barut, konuyla ilgili \u015funlar\u0131 s\u00f6yledi:\u201c01.01.2017 tarihinde emeklilik i\u00e7in yat\u0131r\u0131lan yurtd\u0131\u015f\u0131 bor\u00e7lanma primlerine zam gelecektir. Bu zam miktar\u0131&hellip;Read More\" \/>\n<meta property=\"og:url\" content=\"https:\/\/talhabarut.com\/index.php\/1-ocak-2017-tarihine-dikkat\/\" \/>\n<meta property=\"og:site_name\" content=\"Talha Barut\" \/>\n<meta property=\"article:modified_time\" content=\"2019-09-13T22:37:03+00:00\" \/>\n<meta property=\"og:image\" content=\"http:\/\/talhabarut.com\/wp-content\/uploads\/2019\/08\/sayfa_1ocak2017.jpg\" \/>\n<meta name=\"twitter:card\" content=\"summary_large_image\" \/>\n<meta name=\"twitter:label1\" content=\"Tahmini okuma s\u00fcresi\" \/>\n\t<meta name=\"twitter:data1\" content=\"3 dakika\" \/>\n<script type=\"application\/ld+json\" class=\"yoast-schema-graph\">{\"@context\":\"https:\/\/schema.org\",\"@graph\":[{\"@type\":\"WebPage\",\"@id\":\"https:\/\/talhabarut.com\/index.php\/1-ocak-2017-tarihine-dikkat\/\",\"url\":\"https:\/\/talhabarut.com\/index.php\/1-ocak-2017-tarihine-dikkat\/\",\"name\":\"Bu tarihe dikkat - Talha Barut\",\"isPartOf\":{\"@id\":\"https:\/\/talhabarut.com\/#website\"},\"primaryImageOfPage\":{\"@id\":\"https:\/\/talhabarut.com\/index.php\/1-ocak-2017-tarihine-dikkat\/#primaryimage\"},\"image\":{\"@id\":\"https:\/\/talhabarut.com\/index.php\/1-ocak-2017-tarihine-dikkat\/#primaryimage\"},\"thumbnailUrl\":\"http:\/\/talhabarut.com\/wp-content\/uploads\/2019\/08\/sayfa_1ocak2017.jpg\",\"datePublished\":\"2019-08-20T22:15:03+00:00\",\"dateModified\":\"2019-09-13T22:37:03+00:00\",\"breadcrumb\":{\"@id\":\"https:\/\/talhabarut.com\/index.php\/1-ocak-2017-tarihine-dikkat\/#breadcrumb\"},\"inLanguage\":\"tr\",\"potentialAction\":[{\"@type\":\"ReadAction\",\"target\":[\"https:\/\/talhabarut.com\/index.php\/1-ocak-2017-tarihine-dikkat\/\"]}]},{\"@type\":\"ImageObject\",\"inLanguage\":\"tr\",\"@id\":\"https:\/\/talhabarut.com\/index.php\/1-ocak-2017-tarihine-dikkat\/#primaryimage\",\"url\":\"http:\/\/talhabarut.com\/wp-content\/uploads\/2019\/08\/sayfa_1ocak2017.jpg\",\"contentUrl\":\"http:\/\/talhabarut.com\/wp-content\/uploads\/2019\/08\/sayfa_1ocak2017.jpg\"},{\"@type\":\"BreadcrumbList\",\"@id\":\"https:\/\/talhabarut.com\/index.php\/1-ocak-2017-tarihine-dikkat\/#breadcrumb\",\"itemListElement\":[{\"@type\":\"ListItem\",\"position\":1,\"name\":\"Ana sayfa\",\"item\":\"https:\/\/talhabarut.com\/\"},{\"@type\":\"ListItem\",\"position\":2,\"name\":\"Bu tarihe dikkat\"}]},{\"@type\":\"WebSite\",\"@id\":\"https:\/\/talhabarut.com\/#website\",\"url\":\"https:\/\/talhabarut.com\/\",\"name\":\"Talha Barut\",\"description\":\"Anwalt \/ Avukat\",\"publisher\":{\"@id\":\"https:\/\/talhabarut.com\/#\/schema\/person\/043e4e4bf7a1cdc3c4892973f3237780\"},\"potentialAction\":[{\"@type\":\"SearchAction\",\"target\":{\"@type\":\"EntryPoint\",\"urlTemplate\":\"https:\/\/talhabarut.com\/?s={search_term_string}\"},\"query-input\":{\"@type\":\"PropertyValueSpecification\",\"valueRequired\":true,\"valueName\":\"search_term_string\"}}],\"inLanguage\":\"tr\"},{\"@type\":[\"Person\",\"Organization\"],\"@id\":\"https:\/\/talhabarut.com\/#\/schema\/person\/043e4e4bf7a1cdc3c4892973f3237780\",\"name\":\"Av. Talha Barut\",\"image\":{\"@type\":\"ImageObject\",\"inLanguage\":\"tr\",\"@id\":\"https:\/\/talhabarut.com\/#\/schema\/person\/image\/\",\"url\":\"https:\/\/talhabarut.com\/wp-content\/uploads\/2019\/08\/logo_200x90.jpg\",\"contentUrl\":\"https:\/\/talhabarut.com\/wp-content\/uploads\/2019\/08\/logo_200x90.jpg\",\"width\":200,\"height\":90,\"caption\":\"Av. Talha Barut\"},\"logo\":{\"@id\":\"https:\/\/talhabarut.com\/#\/schema\/person\/image\/\"},\"description\":\"Avukat Talha Barut Almanya\",\"sameAs\":[\"http:\/\/www.talhabarut.com\"]}]}<\/script>\n<!-- \/ Yoast SEO plugin. -->","yoast_head_json":{"title":"Bu tarihe dikkat - Talha Barut","robots":{"index":"index","follow":"follow","max-snippet":"max-snippet:-1","max-image-preview":"max-image-preview:large","max-video-preview":"max-video-preview:-1"},"canonical":"https:\/\/talhabarut.com\/index.php\/1-ocak-2017-tarihine-dikkat\/","og_locale":"tr_TR","og_type":"article","og_title":"Bu tarihe dikkat - Talha Barut","og_description":"Yeni y\u0131l yakla\u015f\u0131rken yurtd\u0131\u015f\u0131ndan bor\u00e7lanarak emeklilikle ilgili yeni de\u011fi\u015fiklikler de g\u00fcndeme geldi. Asgari \u00fccrete ba\u011fl\u0131 olarak primlere de zam gelece\u011fini&nbsp; ifade eden Avukat Talha Barut, 1 Ocak 2017 tarihinden \u00f6nce ba\u015fvuru yap\u0131lmas\u0131 halinde vatanda\u015flar\u0131n bu zamlardan etkilenmeyece\u011fini ifade etti.Barut, konuyla ilgili \u015funlar\u0131 s\u00f6yledi:\u201c01.01.2017 tarihinde emeklilik i\u00e7in yat\u0131r\u0131lan yurtd\u0131\u015f\u0131 bor\u00e7lanma primlerine zam gelecektir. Bu zam miktar\u0131&hellip;Read More","og_url":"https:\/\/talhabarut.com\/index.php\/1-ocak-2017-tarihine-dikkat\/","og_site_name":"Talha Barut","article_modified_time":"2019-09-13T22:37:03+00:00","og_image":[{"url":"http:\/\/talhabarut.com\/wp-content\/uploads\/2019\/08\/sayfa_1ocak2017.jpg","type":"","width":"","height":""}],"twitter_card":"summary_large_image","twitter_misc":{"Tahmini okuma s\u00fcresi":"3 dakika"},"schema":{"@context":"https:\/\/schema.org","@graph":[{"@type":"WebPage","@id":"https:\/\/talhabarut.com\/index.php\/1-ocak-2017-tarihine-dikkat\/","url":"https:\/\/talhabarut.com\/index.php\/1-ocak-2017-tarihine-dikkat\/","name":"Bu tarihe dikkat - Talha Barut","isPartOf":{"@id":"https:\/\/talhabarut.com\/#website"},"primaryImageOfPage":{"@id":"https:\/\/talhabarut.com\/index.php\/1-ocak-2017-tarihine-dikkat\/#primaryimage"},"image":{"@id":"https:\/\/talhabarut.com\/index.php\/1-ocak-2017-tarihine-dikkat\/#primaryimage"},"thumbnailUrl":"http:\/\/talhabarut.com\/wp-content\/uploads\/2019\/08\/sayfa_1ocak2017.jpg","datePublished":"2019-08-20T22:15:03+00:00","dateModified":"2019-09-13T22:37:03+00:00","breadcrumb":{"@id":"https:\/\/talhabarut.com\/index.php\/1-ocak-2017-tarihine-dikkat\/#breadcrumb"},"inLanguage":"tr","potentialAction":[{"@type":"ReadAction","target":["https:\/\/talhabarut.com\/index.php\/1-ocak-2017-tarihine-dikkat\/"]}]},{"@type":"ImageObject","inLanguage":"tr","@id":"https:\/\/talhabarut.com\/index.php\/1-ocak-2017-tarihine-dikkat\/#primaryimage","url":"http:\/\/talhabarut.com\/wp-content\/uploads\/2019\/08\/sayfa_1ocak2017.jpg","contentUrl":"http:\/\/talhabarut.com\/wp-content\/uploads\/2019\/08\/sayfa_1ocak2017.jpg"},{"@type":"BreadcrumbList","@id":"https:\/\/talhabarut.com\/index.php\/1-ocak-2017-tarihine-dikkat\/#breadcrumb","itemListElement":[{"@type":"ListItem","position":1,"name":"Ana sayfa","item":"https:\/\/talhabarut.com\/"},{"@type":"ListItem","position":2,"name":"Bu tarihe dikkat"}]},{"@type":"WebSite","@id":"https:\/\/talhabarut.com\/#website","url":"https:\/\/talhabarut.com\/","name":"Talha Barut","description":"Anwalt \/ Avukat","publisher":{"@id":"https:\/\/talhabarut.com\/#\/schema\/person\/043e4e4bf7a1cdc3c4892973f3237780"},"potentialAction":[{"@type":"SearchAction","target":{"@type":"EntryPoint","urlTemplate":"https:\/\/talhabarut.com\/?s={search_term_string}"},"query-input":{"@type":"PropertyValueSpecification","valueRequired":true,"valueName":"search_term_string"}}],"inLanguage":"tr"},{"@type":["Person","Organization"],"@id":"https:\/\/talhabarut.com\/#\/schema\/person\/043e4e4bf7a1cdc3c4892973f3237780","name":"Av. Talha Barut","image":{"@type":"ImageObject","inLanguage":"tr","@id":"https:\/\/talhabarut.com\/#\/schema\/person\/image\/","url":"https:\/\/talhabarut.com\/wp-content\/uploads\/2019\/08\/logo_200x90.jpg","contentUrl":"https:\/\/talhabarut.com\/wp-content\/uploads\/2019\/08\/logo_200x90.jpg","width":200,"height":90,"caption":"Av. Talha Barut"},"logo":{"@id":"https:\/\/talhabarut.com\/#\/schema\/person\/image\/"},"description":"Avukat Talha Barut Almanya","sameAs":["http:\/\/www.talhabarut.com"]}]}},"_links":{"self":[{"href":"https:\/\/talhabarut.com\/index.php\/wp-json\/wp\/v2\/pages\/60","targetHints":{"allow":["GET"]}}],"collection":[{"href":"https:\/\/talhabarut.com\/index.php\/wp-json\/wp\/v2\/pages"}],"about":[{"href":"https:\/\/talhabarut.com\/index.php\/wp-json\/wp\/v2\/types\/page"}],"author":[{"embeddable":true,"href":"https:\/\/talhabarut.com\/index.php\/wp-json\/wp\/v2\/users\/1"}],"replies":[{"embeddable":true,"href":"https:\/\/talhabarut.com\/index.php\/wp-json\/wp\/v2\/comments?post=60"}],"version-history":[{"count":7,"href":"https:\/\/talhabarut.com\/index.php\/wp-json\/wp\/v2\/pages\/60\/revisions"}],"predecessor-version":[{"id":701,"href":"https:\/\/talhabarut.com\/index.php\/wp-json\/wp\/v2\/pages\/60\/revisions\/701"}],"wp:attachment":[{"href":"https:\/\/talhabarut.com\/index.php\/wp-json\/wp\/v2\/media?parent=60"}],"curies":[{"name":"wp","href":"https:\/\/api.w.org\/{rel}","templated":true}]}}